*g - 61 = 3*a. What is the remainder when g is divided by 9?
5
Suppose -16*m = 18*m - 38*m + 24. Calculate the remainder when 100 is divided by m.
4
Let r(d) = -d**3 + 14*d**2 - 16*d - 22. Let o be r(10). Suppose -3*n - o = -770. What is the remainder when n is divided by 31?
29
Suppose -659 - 1120 - 1371 = -18*x. What is the remainder when x is divided by 63?
49
Suppose -908*u = -698*u - 172620. What is the remainder when u is divided by 271?
9
Let f = 70690 - 70654. Calculate the remainder when (-4)/(-2) - (-143 + 2) is divided by f.
35
Let r = -4 - -6. Suppose 4*q = 12, r*a = 6*a + 2*q - 38. What is the remainder when 46 is divided by a?
6
Let k(z) = -5*z + 35. Let d be k(-8). Suppose -207 = -6*r + d. Calculate the remainder when r is divided by 35.
12
Suppose -380 = -5*a - 5*l, -5*a = 2*l - 447 + 61. What is the remainder when 606 is divided by a?
60
Let j = 244 - 95. Calculate the remainder when j is divided by (-21)/105 + 752/10 + 0.
74
Calculate the remainder when 304 + 20/2*1 is divided by 113.
88
Let w(h) = -15*h - 60 - 1081*h**2 + h**3 - 25 + 1087*h**2. Calculate the remainder when 82 is divided by w(-4).
5
Let f = 15030 + -14680. Calculate the remainder when 613 is divided by f.
263
Let z = -558 + 704. What is the remainder when z is divided by 73?
0
Suppose -b = -0*b - 737. What is the remainder when b is divided by ((-13)/(-15) - 4/6) + 299628/4060?
71
Suppose 3*b - s = 2*s, 0 = -4*s. Let z(x) = -x**3 - 2*x + 3. Calculate the remainder when 17 is divided by z(b).
2
Let s = 68 + -62. Suppose 0 = s*w - 1048 + 3136. Let r = -241 - w. Calculate the remainder when r is divided by 9.
8
What is the remainder when 15*(-1)/(-3)*41 is divided by 97?
11
Calculate the remainder when 81 is divided by ((-16)/12)/(16/(-648)) - -3.
24
Suppose 6*b + 2*n + 586 = 8*b, 3*b - 882 = 4*n. Calculate the remainder when b is divided by 135.
20
Let x = -374 + 412. Suppose 12*p - 278 = -x. What is the remainder when 74 is divided by p?
14
Suppose 0 = -4*h - 2*n + 122, -2*n = -3 - 3. Suppose g - 4*y - 802 = 3*g, 3*g + 1207 = -4*y. Calculate the remainder when h is divided by (-3)/(g/(-144) - 3).
13
Let f = 32946 - 32807. What is the remainder when 600 is divided by f?
44
Let v = 538 - 369. Calculate the remainder when 3884 is divided by v.
166
Suppose 5*q + 3*z = 96, 7 = 4*q + 5*z - 75. Let s = -34 - -59. What is the remainder when 292/6 - q/27 is divided by s?
23
Let g(d) = 47*d**2 + 850*d + 38. Calculate the remainder when g(-19) is divided by 11.
8
Let w(s) = 3*s**3 + 12*s**2 - 44*s + 358. Calculate the remainder when w(10) is divided by 40.
38
Calculate the remainder when 252 is divided by 4528480/33781 - (-4)/(-74).
118
Let k(s) = -693*s + 1086. Calculate the remainder when 797 is divided by k(1).
11
Let q be 24/10 + 9/(-315)*-21. Suppose 0 = q*m + h - 39, 4 - 26 = -2*m - 2*h. What is the remainder when 27 is divided by m?
13
Let f = 195 + 215. Let h = 610 - f. Calculate the remainder when h is divided by 7.
4
Let u be 26*(10 + 15/3 + -2). Let p = u + -300. Calculate the remainder when 110 is divided by p.
34
Let o(v) = -2*v**2 - 63*v + 1. Calculate the remainder when o(-2) is divided by 5.
4
Let a(l) = -l**3 + 4*l**2 - 4*l - 56. Let b(i) = i**2. Let c(p) = -a(p) + 3*b(p). Calculate the remainder when c(0) is divided by 30.
26
Suppose -1679 = -5*j + 726. Let z(v) = -15*v**3 - 77*v**2 - 104*v + 1. Calculate the remainder when j is divided by z(-2).
19
Let h(w) = -w**3 + 10*w**2 + 17*w - 12. Let s be h(11). Let b = -52 + s. Suppose -b*o + 89 = -15. What is the remainder when o is divided by 11?
8
Let j be (7/(-14)*9)/((-1)/116). Suppose j = 14*b - 444. What is the remainder when 151 is divided by b?
13
Suppose -9169 = -53*h + 4714 + 17016. What is the remainder when h is divided by 181?
40
Let m(r) = 2897*r + 157. Let s be m(3). Suppose -178 + s = 34*t. What is the remainder when t is divided by 43?
40
Suppose -362*n = -380*n + 23958. What is the remainder when n is divided by 74?
73
Let b(a) = -7 - 15 - 21*a - 14 + 6. Calculate the remainder when b(-4) is divided by 19.
16
Let q(x) = x**3 - 17*x + 27. What is the remainder when 138 is divided by q(0)?
3
Let a be 792/192 + (-1)/8. Suppose 0 = -5*q + 109 - a. Calculate the remainder when 333 is divided by q.
18
Let m be 4 - ((-275)/(-100) + 10/8). Suppose m = -k, 24 = 4*c - 2*c - 3*k. Calculate the remainder when 200 is divided by c.
8
What is the remainder when 3474 is divided by (-2)/14 + ((-1080)/(-14) - 33/11)?
70
Suppose 31*h - 86 = 30*h. Suppose -5*f + 10 = -2*c + 46, -5*c - 4*f = -123. Calculate the remainder when -4 + (h - -6 - -1) is divided by c.
20
Let f = 8 - -6. Suppose 358537*y = 358522*y + 120. What is the remainder when f is divided by y?
6
Let j = -6789 - -6953. What is the remainder when 3604 is divided by j?
160
Suppose 532 = 53*y - 263. Calculate the remainder when 807 is divided by y.
12
Suppose -3*p - 9 = 0, 0*g + 3*g - 4*p = 126. Let n = 56 - g. Suppose 9*q - 88 - 227 = 0. What is the remainder when q is divided by n?
17
Suppose 0*b - 4*b + 104 = 0. Let l = -457 + 448. What is the remainder when 5526/54 + 3/l is divided by b?
24
Suppose -3*l + 399 = 2*j, 2*l + 4*j - 300 + 26 = 0. What is the remainder when 500 is divided by l?
107
Suppose -1056 = -274*v + 266*v. What is the remainder when 305 is divided by v?
41
Suppose -3*r - 2220 = -36*r + 519. What is the remainder when 160 is divided by r?
77
Suppose -3*d + u - 3 = 0, u - 6 = -d - 3. Suppose d = -6*k - 5*k + 44. Suppose 43 = c + k*p, -3*p + 1 + 37 = c. Calculate the remainder when 88 is divided by c.
19
Suppose s = -5*z + 195, -4*z + 145 = -0*z + 3*s. Suppose 5*b + 13 = 43. Calculate the remainder when z is divided by (-9)/b*2 + 1 - -8.
4
Let d(j) = j**3 + 4*j**2 - 3*j + 6. Let r be d(-5). Let m be (-28)/(-8) + -5 - 22/r. Suppose q - m*q = -180. Calculate the remainder when q is divided by 7.
4
Let m = -2447 - -2522. Calculate the remainder when 106 is divided by m.
31
Suppose 0 = -34*r + 8018 - 5876. Calculate the remainder when 150 is divided by r.
24
Suppose 4*g = a - 44, -8 = -3*a + 4. Let r = g - -93. Suppose -3*l + l + 67 = 3*d, -l + 44 = 2*d. What is the remainder when r is divided by d?
20
Let r(s) be the third derivative of 0*s - 2/3*s**3 - 8*s**2 + 0 - 1/4*s**4. Calculate the remainder when 39 is divided by r(-2).
7
What is the remainder when 4462 is divided by 10 + -13 + -1*4 - -193?
184
Suppose -s + 5*y - 1946 = -3*s, 5*y - 2929 = -3*s. Calculate the remainder when s is divided by 58.
55
Let c(l) = -3*l**3 - 9*l**2 + 10*l - 27. Let w(q) = 5*q**3 + 19*q**2 - 21*q + 54. Let t(b) = 7*c(b) + 4*w(b). What is the remainder when 15 is divided by t(12)?
0
What is the remainder when 462 is divided by (14/21)/((-49)/(-882))?
6
Suppose 5*o + h + 36 = 201, 2*h - 165 = -5*o. Let r = 36 - o. Suppose n = 4 + r. Calculate the remainder when 23 is divided by n.
2
Suppose 3*b + 2*a - 22 = 66, 0 = 2*b + 3*a - 47. Suppose 4*z - k - 330 = 240, 0 = z - 5*k - 133. Calculate the remainder when z is divided by b.
7
Let z = -76 + 96. Let k = -8 + 18. Suppose -15*a = -k*a - 360. Calculate the remainder when a is divided by z.
12
Let g = 5180 + -4625. Calculate the remainder when g is divided by 33.
27
Let t(f) = 39*f - 456. Let v = -42 - -68. Let r = -18 + v. What is the remainder when t(12) is divided by r?
4
Suppose 0 = -910*q + 913*q - 117. Let a(w) = -8*w**2 - 8*w - 7*w**3 + 3 - 6*w**3 + 12*w**3 + 0*w. Calculate the remainder when q is divided by a(-7).
9
Suppose 0 = -5*i + 4*b + 84, -4*i = 5*b - 46 - 13. Suppose 2*n + 5*f - 50 = -0*n, i = 4*f. Calculate the remainder when n is divided by (6/4)/(4/24).
6
Suppose -25*r + 2236 + 9886 = 33*r. What is the remainder when r is divided by 17?
5
Let t = 5383 - 3469. Calculate the remainder when t is divided by 52.
42
Suppose 0 = -5*w + 20, 2*m + 53 - 17 = 3*w. Calculate the remainder when 1/(-3)*2 + (-1100)/m is divided by 40.
11
Let d(o) = -1 + 14*o**2 - 25*o**3 + 27*o**3 - 3 - 2*o - 2. What is the remainder when (-332)/(-15) + (-4)/30 is divided by d(-7)?
6
Suppose 3*a = 4*p + 298, p - 3*a = -4*p - 371. Let v = 84 + p. Suppose -5*m = -8*m + 45. Calculate the remainder when m is divided by v.
4
Suppose 0 = 2*o - 3*s + 807, -s + 5 = 6. Let t = o + 450. What is the remainder when 403 is divided 